3, 5, 4201
What are the prime factors of 955966?
2, 11, 19, 2287
What are the prime factors of 14226107?
7, 2032301
What are the prime factors of 4002543?
3, 41, 10847
List the prime factors of 307748.
2, 7, 29, 379
What are the prime factors of 287106?
2, 3, 109, 439
What are the prime factors of 20118257?
29, 693733
List the prime factors of 2109107.
7, 11, 13, 43
List the prime factors of 583312.
2, 36457
What are the prime factors of 22130?
2, 5, 2213
List the prime factors of 60581.
29, 2089
What are the prime factors of 13771125?
3, 5, 12241
List the prime factors of 602768.
2, 101, 373
What are the prime factors of 18334127?
7, 109, 24029
List the prime factors of 485710.
2, 5, 48571
What are the prime factors of 427402?
2, 29, 7369
What are the prime factors of 199830?
2, 3, 5, 6661
What are the prime factors of 165056?
2, 2579
List the prime factors of 18892986.
2, 3, 7, 449833
What are the prime factors of 18339036?
2, 3, 1528253
What are the prime factors of 932533?
7, 101, 1319
List the prime factors of 477280.
2, 5, 19, 157
List the prime factors of 6047674.
2, 1483, 2039
What are the prime factors of 418683?
3, 67, 2083
What are the prime factors of 682581?
3, 47, 103
List the prime factors of 3490335.
3, 5, 77563
List the prime factors of 1088753.
1088753
What are the prime factors of 984971?
13, 75767
What are the prime factors of 488995?
5, 13, 7523
List the prime factors of 1142407.
7, 293, 557
What are the prime factors of 6374683?
7, 61, 14929
What are the prime factors of 62307?
3, 7, 23, 43
List the prime factors of 698236.
2, 7, 11, 2267
What are the prime factors of 4964838?
2, 3, 827473
What are the prime factors of 11194589?
7, 228461
List the prime factors of 869104.
2, 54319
What are the prime factors of 26363?
41, 643
What are the prime factors of 1986622?
2, 11, 73, 1237
What are the prime factors of 2935110?
2, 3, 5, 227, 431
What are the prime factors of 806983?
29, 27827
What are the prime factors of 31481724?
2, 3, 2623477
What are the prime factors of 1210171?
197, 6143
List the prime factors of 3787568.
2, 236723
List the prime factors of 217047.
3, 71, 1019
What are the prime factors of 3479625?
3, 5, 1031
List the prime factors of 5345531.
17, 383, 821
List the prime factors of 101573.
101573
What are the prime factors of 360316?
2, 11, 19, 431
What are the prime factors of 3352448?
2, 11, 2381
What are the prime factors of 225458?
2, 139, 811
List the prime factors of 1823533.
1823533
What are the prime factors of 25547017?
25547017
List the prime factors of 396187.
11, 36017
List the prime factors of 13407775.
5, 536311
List the prime factors of 433930.
2, 5, 7, 6199
List the prime factors of 83115.
3, 5, 1847
What are the prime factors of 2277501?
3, 759167
List the prime factors of 336014.
2, 7, 24001
List the prime factors of 6251448.
2, 3, 7, 127, 293
What are the prime factors of 2269388?
2, 11, 51577
List the prime factors of 31087.
7, 4441
What are the prime factors of 182050?
2, 5, 11, 331
What are the prime factors of 1781577?
3, 7, 28279
List the prime factors of 324108.
2, 3, 3001
List the prime factors of 1506459.
3, 197, 2549
List the prime factors of 413184.
2, 3, 269
List the prime factors of 28672258.
2, 53, 270493
What are the prime factors of 995423?
11, 13, 6961
List the prime factors of 219229.
211, 1039
What are the prime factors of 1480310?
2, 5, 13, 59, 193
What are the prime factors of 404847?
3, 44983
List the prime factors of 5583504.
2, 3, 89, 1307
What are the prime factors of 280086?
2, 3, 46681
List the prime factors of 203942.
2, 107, 953
What are the prime factors of 2493870?
2, 3, 5, 97, 857
List the prime factors of 1678608.
2, 3, 11657
What are the prime factors of 16274415?
3, 5, 127, 8543
What are the prime factors of 39363154?
2, 1013, 19429
List the prime factors of 23341350.
2, 3, 5, 155609
List the prime factors of 124595.
5, 24919
List the prime factors of 6293269.
6293269
What are the prime factors of 21785?
5, 4357
What are the prime factors of 230867?
7, 13, 43, 59
List the prime factors of 2305823.
13, 83, 2137
What are the prime factors of 2206946?
2, 7, 157639
What are the prime factors of 1029035?
5, 7, 29401
List the prime factors of 604588.
2, 17, 523
What are the prime factors of 750344?
2, 7, 13399
List the prime factors of 340626.
2, 3, 11, 13, 397
What are the prime factors of 760393?
17, 44729
List the prime factors of 3802303.
97, 39199
List the prime factors of 1633496.
2, 17, 12011
What are the prime factors of 202300?
2, 5, 7, 17
What are the prime factors of 78436?
2, 19609
What are the prime factors of 2905537?
19, 31, 4933
What are the prime factors of 23960714?
2, 11980357
List the prime factors of 367638.
2, 3, 71, 863
What are the prime factors of 111478?
2, 139, 401
What are the prime factors of 5141711?
223, 23057
What are the prime factors of 232876?
2, 7, 8317
What are the prime factors of 388861?
11, 23, 29, 53
What are the prime factors of 27657990?
2, 3, 5, 102437
List the prime factors of 977330.
2, 5, 17, 5749
List the prime factors of 179765.
5, 157, 229
List the prime factors of 355235.
5, 23, 3089
What are the prime factors of 90751?
151, 601
List the prime factors of 234862.
2, 117431
What are the prime factors of 386027?
71, 5437
List the prime factors of 2198708.
2, 23, 23899
What are the prime factors of 93779?
7, 13397
List the prime factors of 4691896.
2, 11, 37, 131
List the prime factors of 1331798.
2, 13, 181, 283
List the prime factors of 290752.
2, 7, 11, 59
What are the prime factors of 498728?
2, 31, 2011
List the prime factors of 630183.
3, 79, 2659
What are the prime factors of 164887?
23, 67, 107
List the prime factors of 6011513.
6011513
List the prime factors of 582002.
2, 397, 733
List the prime factors of 860034.
2, 3, 7, 20477
What are the prime factors of 15756268?
2, 11, 113, 3169
List the prime factors of 1079185.
5, 101, 2137
List the prime factors of 1917241.
43, 44587
List the prime factors of 281843.
17, 59, 281
List the prime factors of 609205.
5, 37, 89
What are the prime factors of 117284?
2, 109, 269
What are the prime factors of 189781?
173, 1097
List the prime factors of 2377028.
2, 37, 16061
List the prime factors of 19128.
2, 3, 797
What are the prime factors of 2457396?
2, 3, 68261
List the prime factors of 3138342.
2, 3, 53, 71, 139
List the prime factors of 5518360.
2, 5, 19, 53, 137
What are the prime factors of 176192?
2, 2753
List the prime factors of 164123.
41, 4003
List the prime factors of 213722.
2, 106861
What are the prime factors of 269979?
3, 31, 2903
List the prime factors of 1986845.
5, 7, 56767
What are the prime factors of 12562029?
3, 1395781
List the prime factors of 3757351.
13, 389, 743
List the prime factors of 322458.
2, 3, 223, 241
List the prime factors of 245877.
3, 41, 1999
What are the prime factors of 665924?
2, 7, 17, 1399
List the prime factors of 2552674.
2, 101, 12637
List the prime factors of 3133787.
3133787
What are the prime factors of 141906?
2, 3, 67, 353
List the prime factors of 1336985.
5, 13, 67, 307
What are the prime factors of 14528262?
2, 3, 7, 281, 1231
What are the prime factors of 472873?
103, 4591
What are the prime factors of 22525?
5, 17, 53
List the prime factors of 16297693.
16297693
List the prime factors of 1143743.
17, 19, 3541
What are the prime factors of 849771?
3, 13, 269
List the prime factors of 593176.
2, 53, 1399
What are the prime factors of 95995?
5, 73, 263
List the prime factors of 826805.
5, 7, 23623
List the prime factors of 14063345.
5, 127, 22147
What are the prime factors of 3382342?
2, 19, 89009
What are the prime factors of 1182762?
2, 3, 7, 149
What are the prime factors of 6986574?
2, 3, 7, 61, 101
What are the prime factors of 18339372?
2, 3, 23, 107
What are the prime factors of 1091872?
2, 149, 229
List the prime factors of 390408.
2, 3, 16267
List the prime factors of 10466550.
2, 3, 5, 7753
List the prime factors of 156899.
156899
What are the prime factors of 484171?
484171
List the prime factors of 966798.
2, 3, 7, 7673
List the prime factors of 2377614.
2, 3, 396269
What are the prime factors of 856279?
856279
List the prime factors of 187515.
3, 5, 463
List the prime factors of 349015.
5, 29, 83
Wha